2 - 1)) + -5 + 12.
1
Evaluate 2 + 3 - (20 + -21).
6
Calculate 3 - (2 - 3 - (-1 - 1)).
2
What is 9 + -8 + 2 + 3?
6
Calculate (47 - 49) + (-6 - -1).
-7
Evaluate (-3 - (1 - 0)) + (0 - -3).
-1
What is 1 + 2 + -7 + -1?
-5
Calculate 0 + 7 + -10 + 4.
1
What is the value of -4 - ((-9 - 6) + 8 + -3)?
6
What is the value of -2 + -1 + (-1 - -2) - 2?
-4
Evaluate -8 + 1 + (1 - -3).
-3
(1 + (-4 - -2) - -9) + -7
1
Calculate -1 + (4 - 0) + (-85 - -88).
6
(1 - 5) + 15 + -20 + 1
-8
(5 - 10 - 3) + (0 - -2)
-6
-7 + (-9 - -22 - 3)
3
What is -3 + 8 + -6 + -4?
-5
What is -8 - (5 + 0 + -8)?
-5
What is the value of 0 + 1 + -10 + 16?
7
What is the value of (5 - (0 + 10)) + 13?
8
5 - (-6 - (3 - (-5 + 22)))
-3
What is the value of -6 + 0 + (0 - -5)?
-1
Calculate (-2 - 0) + 2 - -7 - 2.
5
What is (-11 + 7 - -4) + -4?
-4
What is the value of -5 + -6 + 9 - -6?
4
What is the value of 0 + (12 - -9 - 12)?
9
Calculate -4 - (5 + -2 + 1 + -10).
2
What is the value of -6 + 17 - 4 - 2?
5
What is (-2 - 14) + (10 - -2)?
-4
Evaluate (-6 - (0 + -2)) + 6.
2
What is (4 - (8 - 4)) + 2?
2
Evaluate (21 - 6 - 6) + -8.
1
What is the value of -13 - (-16 + (5 - -4))?
-6
What is the value of (7 - 14) + (-2 - -2) - 3?
-10
What is 5 - (-7 + 5 + 5)?
2
What is the value of -16 - -20 - (5 - (2 + 0))?
1
Calculate (-3 - (-4 + 2)) + (-1 - -4).
2
What is -2 + 0 + -5 + 9?
2
What is 2 + 1 + -1 + -1?
1
What is (9 - 10) + -8 + 17?
8
-4 - ((-3 - (4 + -3)) + 5)
-5
1 + 5 + -12 + 1 + 4
-1
Calculate 0 + 2 + 2 - 0.
4
Evaluate -5 - (6 - ((-3 - -8) + -1)).
-7
What is (-4 - (2 - 3)) + (1 - -1)?
-1
Calculate -150 - -147 - (1 + -1).
-3
-3 - (-2 - -7 - 7)
-1
Evaluate 1 + (-5 + 4 - -4).
4
Evaluate -14 + 10 + (0 - 0).
-4
-4 - (-7 - (2 + -8))
-3
Calculate 1 - -1 - ((14 - 3) + -16).
7
1 + -2 - (-1 - (13 + -15))
-2
Evaluate 3 - -1 - (-15 - -19).
0
(5 - -2 - 13) + 0 + 1
-5
(-2 - -9) + -5 - (-1 - -4)
-1
2 + (-1 - 0) - (-41 + 44)
-2
Evaluate -6 - -6 - (3 + 0).
-3
Calculate (-13 - (12 - 19)) + 4.
-2
Evaluate 4 + -1 + -2 - (-2 + 3).
0
-9 + -13 - (-2 + -10)
-10
Evaluate -6 + (0 - (-4 - -4 - 1)).
-5
Calculate (1 - (1 + 1)) + (9 - 7).
1
Calculate 1 - (-5 - (0 - 0)) - 3.
3
Evaluate 2 + (-3 - (-2 - 4) - 0).
5
What is 7 - (3 + -8 + 8) - 3?
1
2 - (5 - -1 - 1)
-3
Evaluate -3 + 0 - ((-10 - -7) + 4).
-4
0 - (-3 + -2 - -10 - 10)
5
Evaluate (-1 - 1) + (6 - -3 - 5).
2
Evaluate 12 - 5 - (2 - (0 + 0)).
5
(-4 - (-2 - 3)) + 6 - 14
-7
What is the value of 1 - (4 + -1) - (-4 - 0)?
2
What is the value of -4 - (2 - 7 - (1 - -1))?
3
Calculate 2 + -13 + 7 + -5 + 3.
-6
What is -4 + (-4 + 3 - 0 - -1)?
-4
What is the value of 30 + -41 + 5 + -2?
-8
What is -11 - -7 - (2 - 1)?
-5
Evaluate (-7 - (9 + -8)) + 2 + 3.
-3
Evaluate 1 + -4 + (-9 - -18).
6
What is the value of -2 + 11 + -9 + 4?
4
Evaluate 1 - -4 - (0 + 9 + 1).
-5
What is the value of -13 + 10 + (-2 + 5 - -1)?
1
Evaluate (10 - 7 - -6) + -14.
-5
Evaluate (-3 - (-7 + 1)) + (-2 - 1).
0
Evaluate -3 - (-8 + -6) - 17.
-6
What is the value of (6 - (-7 - (-16 - -8))) + -3?
2
What is the value of 12 - -1 - 4 - 4?
5
2 + 2 + (-1 - (-6 + 7))
2
Calculate -10 - -8 - (-3 + 4 + 0).
-3
Evaluate -3 + 1 + -3 - (5 + -9).
-1
Evaluate -13 + 5 + 1 - (-2 - 4).
-1
What is 5 + 0 + 7 + (-27 - -4)?
-11
Calculate 4 + (3 - 6) - (0 - -3).
-2
Calculate 3 - (0 + 0) - (332 + -332).
3
What is the value of 109 + -105 - (6 + 1)?
-3
What is the value of -9 + -1 + -50 + 53?
-7
Evaluate 0 + -2 + (4 - (10 + -3)).
-5
Calculate 0 + (3 - (-5 - -8 - 1)).
1
Calculate -1 + -5 + (25 - 23).
-4
What is the value of -4 + (8 - 1) - -1 - 5?
-1
0 + (-1 - -1) + 22 + -17
5
What is 6 - (1 + -3 - -6)?
2
Evaluate -14 + (4 - (-7 - -2)).
-5
Evaluate -7 + 4 + (3 - -3).
3
What is the value of 15 + -20 + (8 - -1)?
4
What is the value of -5 - -4 - 3 - 1?
-5
Calculate -3 - (-2 - 1 - -1) - 3.
-4
Evaluate (2 + 0 + -7 - -1) + 0.
-4
Evaluate 3 + (12 + -6 - 6).
3
What is 4 + -5 + 7 + 1 + -7?
0
Evaluate 5 + -3 + (-9 - -3) - 0.
-4
What is 0 - (9 - 5) - 0?
-4
What is the value of -5 - (-5 - (5 + -11 + 2))?
-4
Calculate (-4 - -1) + 9 + -8.
-2
What is -10 + 19 + (-3 - 4)?
2
Calculate (-1 - -3) + 0 + -7.
-5
Evaluate -5 - (-2 + (-6 - -2) + 0).
1
What is the value of -6 + -6 + 14 + -4?
-2
Calculate (-2 - 2) + 2 + (-2 - -2).
-2
Calculate 21 - (14 - (-4 - -4)).
7
What is the value of 8 + -10 - (-1 - 3) - -3?
5
Evaluate (15 - (39 + -12)) + 3 + 2.
-7
Calculate (-5 + 7 + -3 - -2) + 0.
1
Calculate -2 + 0 + 6 + (14 - 17).
1
-6 + (-3 - 1 - (-4 - 0))
-6
Evaluate 11 - (12 + -17 - -27).
-11
1 - -2 - (69 + -74)
8
Evaluate -4 - (7 - (-5 + 13)).
-3
Calculate (-3 - (-3 + 4 + -7)) + 1.
4
What is the value of 4 + (-5 - -4) + -7?
-4
-7 + -2 + 11 + 1 + -3
0
Evaluate -1 + 1 + -2 + 13 + -9.
2
What is 0 - (9 + -12 + 13)?
-10
Evaluate 1 - (-4 + 2 + 4 + -5).
4
(1 - (-4 - 0)) + (-2 - -2)
5
Calculate -13 - (3 + -2 - (0 - -6)).
-8
What is 6 + -10 + (0 - -5) - -2?
3
What is the value of 2 - ((-2 - 2) + 2)?
4
Calculate (-2 - -3 - 5) + 6 + -2.
0
What is -6 + (3 - -4) - (-2 - 0)?
3
Evaluate -4 + 3 + (11 - 7).
3
Calculate 11 - (-10 + (6 - -14)).
1
What is the value of -33 - -23 - (-8 + 0)?
-2
-7 - (-8 - (-4 - -7))
4
Evaluate -5 + (-4 - (-6 + 1)).
-4
What is the value of 6 - 2 - (2 - 3)?
5
What is -3 - -6 - 1 - 1?
1
What is the value of 24 - 9 - (-2 + 12)?
5
Evaluate 2 + 2 + 4 + -6.
2
Calculate 6 + (-3 - (-2 - 2 - -1)).
6
What is the value of (2 - 0 - 1) + (-113 - -104)?
-8
1 - 9 - 0 - -11
3
-4 + 3 + 4 + -3 - 4
-4
What is 36 - 16 - 20 - (-6 + 0)?
6
Evaluate (-1 - 1 - 1) + (2 - -5).
4
Evaluate (6 - 1 - 1) + -7.
-3
What is (-1 - (8 - (4 - 0))) + 0?
-5
What is the value of -1 + 9 - (35 + -21)?
-6
Calculate 33 + -46 + (5 - 0).
-8
What is the value of (-8 - -7) + (1 - -1)?
1
0 + -1 + (-9 - -6) + 6
2
What is the value of -364 + 361 - (0 - (1 - 1))?
-3
What is 0 + -5 + 1 + 0 + 0?
-4
Calculate -5 + -6 + 5 + -2.
-8
1 + -5 + (7 - (3 + -2))
2
What is 0 + -4 - -6 - (-4 + 2)?
4
-13 + (13 - 6) + 12
6
Calculate 15 - 20 - (-3 - -1 - 4).
1
3 - (-5 - (-7 + 6 + -7))
0
What is the value of -4 + (13 + -4 - 3) + 1?
3
What is the value of -1 + (-2 - -4) + -5?
-4
-3 + (6 - (3 + 1)) - 4
-5
What is the value of 2 + -3 - (-1 - (1 + -3))?
-2
Evaluate -1 - -2 - (20 + -39 + 15).
5
What is -9 + (-1 - (-5 + -1)) - -10?
6
What is the value of 3 + -7 + 3 + (0 - -5)?
4
Calculate 3 + -8 + 3 + -4 + 0.
-6
6 + -1 - (-11 + (22 - 1))
-5
Evaluate -3 + (7 - (5 - (12 + -8))).
3
Evaluate -4 - (6 + (-20 - -5)).
5
What is -5 + 6 + 1 - 4?
-2
What is (2 - (0 - 0)) + 3 + -2?
3
What is the value of 2 - (-6 + -5 + -3 + 6)?
10
(0 - 7) + (-5 + 20 - 11)
-3
What is 0 + 0 + (13 - 16) + 5?
2
Calculate -4 + (1 + -1 + 18 - 7).
7
What is the value of (-23 + 4 - -9) + 8?
-2
Calculate (22 - 17 - 4) + 0 + 1.
2
Evaluate -5 + 5 + (-3 + 6 - 5).
-2
Evaluate 2 - (-2 + -1 - -5).
0
What is the value of 3 + -10 - (6 + -3)?
-10
Evaluate 2 + -5 - (-2 - 1).
0
Evaluate 11 + (-6 - -2) - (-2 + 3).
6
What is -6 - (2 + -3) - (23 + -29)?
1
What is the value of -5 + 4 - (5 - 2)?
-4
Calculate (-6 - -1) + 5 + 3.
3
Evaluate -7 + -8 + 3 - (-3 + -3).
-6
Calculate (5 - -1) + 9 + -12 - 4.
-1
Evaluate -1 + (1 - 5 - -14).
9
Calculate 3 + -10 - (-51 + 39).
5
What is the value of (5 - 3 - 5) + 0 - 0?
-3
What is 67 + -65 - (-1 + 5 + -3)?
1
Evaluate -8 + 1 + 3 + -1 + 7.
2
What is the value of -2 + 1 + (5 + -1 - 5)?
-2
(-2 - (5 + 0)) + 7
0
Calculate -13 + 18 - -1 - 5.
1
What is 1 + 4 - (3 + 2 + 1)?
-1
7 - 15 - (7 + -13)
-2
Evaluate -24 - -32 - (10 + -3).
1
(-2 - -8) + -5 - (6 - 3)
-2
1 + 1 + -18 - -13
-3
What is the value of -1 + 4 + (-7 - (-5 + 3))?
-2
What is -4 + (3 - 5) - (13 + -18)?
-1
What is the value of 7 + -1 - 14 - -9?
1
2 - 3 - (3 + 7 + -16)
5
4 + (-9 - -4 - -8 - 1)
6
3 - -1 - (7 - 10 - -5)
2
Evaluate -4 + (-3 + 0 - -6).
-1
What is -19 + 24 - (0 - 1)?
6
23 - (-7 - -15) - 7
8
What is the value of 2 + 5 + -5 + -1 + -3?
-2
What is 2 - (-3 + -3 - (-6 + 3))?
5
What is (-6 - (-4 + 1)) + (-20 - -16)?
-7
3 + (1 - 11 - -12)
5
What is (4 + -1 - 0) + -4 + 1?
0
Evaluate 3 + 1 - (1 + 14 + -6).
-5
What is the value of 1 - ((-2 - 3) + 9)?
-3
Calculate -2 - (1 - 3 - (11 + -8)).
3
-1 - ((5 - -4) + -4 + -3)
-3
Calculate -3 + 8 - (7 - (-6 - -4)).
-4
Calculate 1 + (0 - 9) - (-22 + 10).
4
Calculate -6 - (8 + -5 - 11).
2
What is 55 + -63 + 0 + 1 + -2?
-9
What is the value of (-4 - 0) + -16 + 17 + -3?
-6
What is